{"id":360,"date":"2019-09-28T09:12:44","date_gmt":"2019-09-28T09:12:44","guid":{"rendered":"https:\/\/eomed.org\/fr\/?page_id=360"},"modified":"2019-12-15T11:39:22","modified_gmt":"2019-12-15T11:39:22","slug":"about-e-omed","status":"publish","type":"page","link":"https:\/\/eomed.org\/fr\/about-e-omed\/","title":{"rendered":"\u00c0 propos d&#8217;e-OMED"},"content":{"rendered":"\n<div class=\"wp-block-columns has-2-columns textHead is-layout-flex wp-container-core-columns-is-layout-9d6595d7 wp-block-columns-is-layout-flex\">\n<div class=\"wp-block-column is-layout-flow wp-block-column-is-layout-flow\">\n<p>Association internationale\nEspace num\u00e9rique Ouvert pour la MEDiterran\u00e9e\ne-OMED\n\nCr\u00e9\u00e9e en 2011 et r\u00e9gie par\nla loi fran\u00e7aise de 1901.\n<\/p>\n<\/div>\n\n\n\n<div class=\"wp-block-column is-layout-flow wp-block-column-is-layout-flow\"><\/div>\n<\/div>\n\n\n\n<div class=\"wp-block-columns has-2-columns aboutHead is-layout-flex wp-container-core-columns-is-layout-9d6595d7 wp-block-columns-is-layout-flex\">\n<div class=\"wp-block-column is-layout-flow wp-block-column-is-layout-flow\">\n<p>&#8220;LES TICE COMME\nVECTEUR DES SAVOIRS&#8221;<\/p>\n<\/div>\n\n\n\n<div class=\"wp-block-column is-layout-flow wp-block-column-is-layout-flow\">\n<figure class=\"wp-block-image\"><img loading=\"lazy\" decoding=\"async\" width=\"386\" height=\"277\" src=\"https:\/\/eomed.org\/fr\/wp-content\/uploads\/sites\/2\/2019\/09\/about-omed-fr.png\" alt=\"\" class=\"wp-image-367\" srcset=\"https:\/\/eomed.org\/fr\/wp-content\/uploads\/sites\/2\/2019\/09\/about-omed-fr.png 386w, https:\/\/eomed.org\/fr\/wp-content\/uploads\/sites\/2\/2019\/09\/about-omed-fr-300x215.png 300w\" sizes=\"auto, (max-width: 386px) 100vw, 386px\" \/><\/figure>\n<\/div>\n<\/div>\n\n\n<div id=\"accordions-370\" class=\"accordions-370 accordions\" data-accordions={&quot;lazyLoad&quot;:true,&quot;id&quot;:&quot;370&quot;,&quot;event&quot;:&quot;click&quot;,&quot;collapsible&quot;:&quot;true&quot;,&quot;heightStyle&quot;:&quot;content&quot;,&quot;animateStyle&quot;:&quot;swing&quot;,&quot;animateDelay&quot;:1000,&quot;navigation&quot;:true,&quot;active&quot;:999,&quot;expandedOther&quot;:&quot;no&quot;}>\r\n                <div id=\"accordions-lazy-370\" class=\"accordions-lazy\" accordionsId=\"370\">\r\n                    <\/div>\r\n\r\n    <div class=\"items\"  style=\"display:none\" >\r\n    \r\n            <div post_id=\"370\" itemcount=\"0\"  header_id=\"header-1576321027329\" id=\"header-1576321027329\" style=\"\" class=\"accordions-head head1576321027329 border-none\" toggle-text=\"\" main-text=\"OBJECTIF ET ACTIONS D&#039;e-OMED\">\r\n                                    <span id=\"accordion-icons-1576321027329\" class=\"accordion-icons\">\r\n                        <span class=\"accordion-icon-active accordion-plus\"><i class=\"fa fas fa-angle-right\"><\/i><\/span>\r\n                        <span class=\"accordion-icon-inactive accordion-minus\"><i class=\"fa fas fa-chevron-down\"><\/i><\/span>\r\n                    <\/span>\r\n                    <span id=\"header-text-1576321027329\" class=\"accordions-head-title\">OBJECTIF ET ACTIONS D'e-OMED<\/span>\r\n                            <\/div>\r\n            <div class=\"accordion-content content1576321027329 \">\r\n                <h2>OBJECTIF<\/h2>\n<p><strong>Construire <\/strong>un espace num\u00e9rique solidaire entre les membres de l'association.<\/p>\n<h2>ACTIONS<\/h2>\n<ul>\n<li><strong>Promouvoir <\/strong>l\u2019usage des TICE \u00e0 des fins de formation et de recherche dans les institutions d\u2019enseignement sup\u00e9rieur.<\/li>\n<li><strong>Favoriser <\/strong>les relations de coop\u00e9ration entre les diff\u00e9rentes cultures et institutions, par l\u2019usage des outils de formation \u00e0 distance, et promouvoir la r\u00e9alisation de cycles de formation partag\u00e9s entre ses membres issus de diff\u00e9rents pays.<\/li>\n<li><strong>Faciliter<\/strong> l\u2019\u00e9change des ressources num\u00e9riques entre les rives de la M\u00e9diterran\u00e9e et au-del\u00e0 en promouvant l\u2019usage de plateformes, en adaptant ou en traduisant les contenus.<\/li>\n<li><strong>Renforcer <\/strong>la visibilit\u00e9 et valoriser les patrimoines culturels m\u00e9diterran\u00e9ens.<\/li>\n<\/ul>\n            <\/div>\r\n    \r\n            <div post_id=\"370\" itemcount=\"1\"  header_id=\"header-1576321076890\" id=\"header-1576321076890\" style=\"\" class=\"accordions-head head1576321076890 border-none\" toggle-text=\"\" main-text=\"STRUCTURE ORGANISATIONNELLE\">\r\n                                    <span id=\"accordion-icons-1576321076890\" class=\"accordion-icons\">\r\n                        <span class=\"accordion-icon-active accordion-plus\"><i class=\"fa fas fa-angle-right\"><\/i><\/span>\r\n                        <span class=\"accordion-icon-inactive accordion-minus\"><i class=\"fa fas fa-chevron-down\"><\/i><\/span>\r\n                    <\/span>\r\n                    <span id=\"header-text-1576321076890\" class=\"accordions-head-title\">STRUCTURE ORGANISATIONNELLE<\/span>\r\n                            <\/div>\r\n            <div class=\"accordion-content content1576321076890 \">\r\n                <ul>\n<li>L\u2019Assembl\u00e9e G\u00e9n\u00e9rale est l\u2019organe souverain de l\u2019association. Elle se tient tous les trois ans.<\/li>\n<li>La deuxi\u00e8me structure d\u00e9cisionnelle de l\u2019association est le Conseil d\u2019Administration (CA). Ses membres sont \u00e9lus pour une dur\u00e9e de trois ans lors de l\u2019Assembl\u00e9e G\u00e9n\u00e9rale. Le CA se r\u00e9unit en moyenne deux fois par an.<\/li>\n<li>La troisi\u00e8me structure issue du CA est le Bureau. Il g\u00e8re les activit\u00e9s courantes de l\u2019association.<\/li>\n<\/ul>\n            <\/div>\r\n    \r\n            <div post_id=\"370\" itemcount=\"2\"  header_id=\"header-1576321125065\" id=\"header-1576321125065\" style=\"\" class=\"accordions-head head1576321125065 border-none\" toggle-text=\"\" main-text=\"STRUCTURE OPERATIONNELLE\">\r\n                                    <span id=\"accordion-icons-1576321125065\" class=\"accordion-icons\">\r\n                        <span class=\"accordion-icon-active accordion-plus\"><i class=\"fa fas fa-angle-right\"><\/i><\/span>\r\n                        <span class=\"accordion-icon-inactive accordion-minus\"><i class=\"fa fas fa-chevron-down\"><\/i><\/span>\r\n                    <\/span>\r\n                    <span id=\"header-text-1576321125065\" class=\"accordions-head-title\">STRUCTURE OPERATIONNELLE<\/span>\r\n                            <\/div>\r\n            <div class=\"accordion-content content1576321125065 \">\r\n                <p>Compte tenu de la diversit\u00e9 des pays, des cultures et des th\u00e8mes, e-OMED s\u2019adosse sur des structures flexibles qui sont les Communaut\u00e9s Th\u00e9matiques (CT).<\/p>\n<p>Les CT regroupent des acteurs d\u2019institutions membres d\u2019e-OMED, int\u00e9ress\u00e9s par un m\u00eame sujet : discipline, p\u00e9dagogie, outils, \u2026<\/p>\n<p><em>Ces CT ont pour mission de :<\/em><\/p>\n<p><em>\u00a0<\/em><\/p>\n<ul>\n<li><strong>Faire<\/strong> le bilan des ressources, exp\u00e9riences et usages du num\u00e9rique dans leur domaine.<\/li>\n<li><strong>Construire<\/strong> des projets pluri-partenaires et pluri-pays et rechercher les financements n\u00e9cessaires.<\/li>\n<li><strong>Coordonner <\/strong>ces projets, assurer la diss\u00e9mination des r\u00e9sultats et promouvoir I\u2019utilisation de leurs productions.<\/li>\n<\/ul>\n<p><strong>\u00a0<\/strong><\/p>\n            <\/div>\r\n    \r\n            <div post_id=\"370\" itemcount=\"3\"  header_id=\"header-1576321142582\" id=\"header-1576321142582\" style=\"\" class=\"accordions-head head1576321142582 border-none\" toggle-text=\"\" main-text=\"AVANTAGES D\u2019ADHERER A e-OMED\">\r\n                                    <span id=\"accordion-icons-1576321142582\" class=\"accordion-icons\">\r\n                        <span class=\"accordion-icon-active accordion-plus\"><i class=\"fa fas fa-angle-right\"><\/i><\/span>\r\n                        <span class=\"accordion-icon-inactive accordion-minus\"><i class=\"fa fas fa-chevron-down\"><\/i><\/span>\r\n                    <\/span>\r\n                    <span id=\"header-text-1576321142582\" class=\"accordions-head-title\">AVANTAGES D\u2019ADHERER A e-OMED<\/span>\r\n                            <\/div>\r\n            <div class=\"accordion-content content1576321142582 \">\r\n                <ul>\n<li>Acc\u00e9der \u00e0 un large r\u00e9seau de partenaires internationaux pour l\u2019usage des TICE.<\/li>\n<li>Mutualiser, partager et valoriser des ressources num\u00e9riques.<\/li>\n<li>Renforcer la visibilit\u00e9 de la production des membres.<\/li>\n<li>B\u00e9n\u00e9ficier des appels \u00e0 projets lanc\u00e9s par l'association.<\/li>\n<li>Disposer de l\u2019expertise d\u2019e-OMED et de ses membres dans le montage et la gestion des projets internationaux.<\/li>\n<\/ul>\n            <\/div>\r\n    \r\n            <div post_id=\"370\" itemcount=\"4\"  header_id=\"header-1576321151950\" id=\"header-1576321151950\" style=\"\" class=\"accordions-head head1576321151950 border-none\" toggle-text=\"\" main-text=\"ADHERER A e-OMED\">\r\n                                    <span id=\"accordion-icons-1576321151950\" class=\"accordion-icons\">\r\n                        <span class=\"accordion-icon-active accordion-plus\"><i class=\"fa fas fa-angle-right\"><\/i><\/span>\r\n                        <span class=\"accordion-icon-inactive accordion-minus\"><i class=\"fa fas fa-chevron-down\"><\/i><\/span>\r\n                    <\/span>\r\n                    <span id=\"header-text-1576321151950\" class=\"accordions-head-title\">ADHERER A e-OMED<\/span>\r\n                            <\/div>\r\n            <div class=\"accordion-content content1576321151950 \">\r\n                <ul>\n<li>Peuvent adh\u00e9rer \u00e0 e-OMED les personnes morales qui souhaitent participer \u00e0 la r\u00e9alisation des objectifs de l\u2019association et qui ont \u00e9t\u00e9 agr\u00e9\u00e9es \u00e0 cet effet.<\/li>\n<li>Tout \u00e9tablissement ou structure d\u00e9sirant adh\u00e9rer doit envoyer un courriel \u00e0 l\u2019un des membres du bureau de l\u2019association et recevra par retour un dossier d\u2019adh\u00e9sion.<\/li>\n<li>Toutes les demandes d\u2019adh\u00e9sions doivent \u00eatre agr\u00e9\u00e9es par le CA.<\/li>\n<li>Le maintien de la qualit\u00e9 de membre suppose le versement d\u2019une cotisation annuelle.<\/li>\n<\/ul>\n            <\/div>\r\n    \r\n            <div post_id=\"370\" itemcount=\"5\"  header_id=\"header-1576321168369\" id=\"header-1576321168369\" style=\"\" class=\"accordions-head head1576321168369 border-none\" toggle-text=\"\" main-text=\"LE BUREAU D\u2019e-OMED\">\r\n                                    <span id=\"accordion-icons-1576321168369\" class=\"accordion-icons\">\r\n                        <span class=\"accordion-icon-active accordion-plus\"><i class=\"fa fas fa-angle-right\"><\/i><\/span>\r\n                        <span class=\"accordion-icon-inactive accordion-minus\"><i class=\"fa fas fa-chevron-down\"><\/i><\/span>\r\n                    <\/span>\r\n                    <span id=\"header-text-1576321168369\" class=\"accordions-head-title\">LE BUREAU D\u2019e-OMED<\/span>\r\n                            <\/div>\r\n            <div class=\"accordion-content content1576321168369 \">\r\n                <h3>President<\/h3>\n<p>Mr. <em>Jilani LAMLOUMI(<\/em><a href=\"mailto:jilani.lamloumi@gmail.com\">jilani.lamloumi@gmail.com)<\/a><\/p>\n<h3>Vice-Pr\u00e9sident<\/h3>\n<p><em>Fran\u00e7ois HENN (<\/em><a href=\"#\">francois.henn@umontpellier.fr<\/a>)<\/p>\n<h3>D\u00e9l\u00e9gu\u00e9e g\u00e9n\u00e9rale<\/h3>\n<p><em>Mme Catherine BARREAU (<\/em><a href=\"#\">catherine.barreau@unjf.fr)<\/a><\/p>\n<h3>Tr\u00e9sorier<\/h3>\n<p><em> Herv\u00e9 CHAPPERT\u00a0 (<\/em><a href=\"#\">herve.chappert@umontpellier.fr)<\/a><\/p>\n<h3>Membres du Bureau<\/h3>\n<p style=\"font-weight: 400\">Molka BEL CADHI<\/p>\n<p style=\"font-weight: 400\">Olfa MOURALI<\/p>\n<p style=\"font-weight: 400\">David CASSAGNE<\/p>\n<p style=\"font-weight: 400\">Christine BILLON-LANFRAY<\/p>\n<p style=\"font-weight: 400\">Imad HODALI<\/p>\n<h3>Si\u00e8ge<\/h3>\n<p>Association Internationale e-OMED - BP 50<br \/>\nUniversit\u00e9 de Montpellier<br \/>\n163 rue Auguste Broussonnet<br \/>\n34000 Montpellier<\/p>\n<p><strong>Courriel: <\/strong><a href=\"#\">administratif@eomed.org<\/a><\/p>\n            <\/div>\r\n    <\/div>\r\n\r\n\r\n\r\n            <\/div>\n","protected":false},"excerpt":{"rendered":"<p>Association internationale Espace num\u00e9rique Ouvert pour la MEDiterran\u00e9e e-OMED Cr\u00e9\u00e9e en 2011 et r\u00e9gie par la loi fran\u00e7aise de 1901. &#8220;LES TICE COMME VECTEUR DES SAVOIRS&#8221;<\/p>\n","protected":false},"author":1,"featured_media":0,"parent":0,"menu_order":0,"comment_status":"closed","ping_status":"closed","template":"","meta":{"_acf_changed":false,"footnotes":""},"class_list":["post-360","page","type-page","status-publish","hentry","entry"],"acf":[],"featured_image_src":null,"_links":{"self":[{"href":"https:\/\/eomed.org\/fr\/wp-json\/wp\/v2\/pages\/360","targetHints":{"allow":["GET"]}}],"collection":[{"href":"https:\/\/eomed.org\/fr\/wp-json\/wp\/v2\/pages"}],"about":[{"href":"https:\/\/eomed.org\/fr\/wp-json\/wp\/v2\/types\/page"}],"author":[{"embeddable":true,"href":"https:\/\/eomed.org\/fr\/wp-json\/wp\/v2\/users\/1"}],"replies":[{"embeddable":true,"href":"https:\/\/eomed.org\/fr\/wp-json\/wp\/v2\/comments?post=360"}],"version-history":[{"count":10,"href":"https:\/\/eomed.org\/fr\/wp-json\/wp\/v2\/pages\/360\/revisions"}],"predecessor-version":[{"id":532,"href":"https:\/\/eomed.org\/fr\/wp-json\/wp\/v2\/pages\/360\/revisions\/532"}],"wp:attachment":[{"href":"https:\/\/eomed.org\/fr\/wp-json\/wp\/v2\/media?parent=360"}],"curies":[{"name":"wp","href":"https:\/\/api.w.org\/{rel}","templated":true}]}}

À propos d&#8217;e-OMED

<div class="wp-block-columns has-2-columns textHead is-layout-flex wp-container-core-columns-is-layout-9d6595d7 wp-block-columns-is-layout-flex">
<div class="wp-block-column is-layout-flow wp-block-column-is-layout-flow">
<p>Association internationale
Espace numérique Ouvert pour la MEDiterranée
e-OMED

Créée en 2011 et régie par
la loi française de 1901.
</p>
</div>



<div class="wp-block-column is-layout-flow wp-block-column-is-layout-flow"></div>
</div>



<div class="wp-block-columns has-2-columns aboutHead is-layout-flex wp-container-core-columns-is-layout-9d6595d7 wp-block-columns-is-layout-flex">
<div class="wp-block-column is-layout-flow wp-block-column-is-layout-flow">
<p>&#8220;LES TICE COMME
VECTEUR DES SAVOIRS&#8221;</p>
</div>



<div class="wp-block-column is-layout-flow wp-block-column-is-layout-flow">
<figure class="wp-block-image"><img loading="lazy" decoding="async" width="386" height="277" src="https://eomed.org/fr/wp-content/uploads/sites/2/2019/09/about-omed-fr.png" alt="" class="wp-image-367" srcset="https://eomed.org/fr/wp-content/uploads/sites/2/2019/09/about-omed-fr.png 386w, https://eomed.org/fr/wp-content/uploads/sites/2/2019/09/about-omed-fr-300x215.png 300w" sizes="auto, (max-width: 386px) 100vw, 386px" /></figure>
</div>
</div>


<div id="accordions-370" class="accordions-370 accordions" data-accordions={&quot;lazyLoad&quot;:true,&quot;id&quot;:&quot;370&quot;,&quot;event&quot;:&quot;click&quot;,&quot;collapsible&quot;:&quot;true&quot;,&quot;heightStyle&quot;:&quot;content&quot;,&quot;animateStyle&quot;:&quot;swing&quot;,&quot;animateDelay&quot;:1000,&quot;navigation&quot;:true,&quot;active&quot;:999,&quot;expandedOther&quot;:&quot;no&quot;}>
                <div id="accordions-lazy-370" class="accordions-lazy" accordionsId="370">
                    </div>

    <div class="items"  style="display:none" >
    
            <div post_id="370" itemcount="0"  header_id="header-1576321027329" id="header-1576321027329" style="" class="accordions-head head1576321027329 border-none" toggle-text="" main-text="OBJECTIF ET ACTIONS D&#039;e-OMED">
                                    <span id="accordion-icons-1576321027329" class="accordion-icons">
                        <span class="accordion-icon-active accordion-plus"><i class="fa fas fa-angle-right"></i></span>
                        <span class="accordion-icon-inactive accordion-minus"><i class="fa fas fa-chevron-down"></i></span>
                    </span>
                    <span id="header-text-1576321027329" class="accordions-head-title">OBJECTIF ET ACTIONS D'e-OMED</span>
                            </div>
            <div class="accordion-content content1576321027329 ">
                <h2>OBJECTIF</h2>
<p><strong>Construire </strong>un espace numérique solidaire entre les membres de l'association.</p>
<h2>ACTIONS</h2>
<ul>
<li><strong>Promouvoir </strong>l’usage des TICE à des fins de formation et de recherche dans les institutions d’enseignement supérieur.</li>
<li><strong>Favoriser </strong>les relations de coopération entre les différentes cultures et institutions, par l’usage des outils de formation à distance, et promouvoir la réalisation de cycles de formation partagés entre ses membres issus de différents pays.</li>
<li><strong>Faciliter</strong> l’échange des ressources numériques entre les rives de la Méditerranée et au-delà en promouvant l’usage de plateformes, en adaptant ou en traduisant les contenus.</li>
<li><strong>Renforcer </strong>la visibilité et valoriser les patrimoines culturels méditerranéens.</li>
</ul>
            </div>
    
            <div post_id="370" itemcount="1"  header_id="header-1576321076890" id="header-1576321076890" style="" class="accordions-head head1576321076890 border-none" toggle-text="" main-text="STRUCTURE ORGANISATIONNELLE">
                                    <span id="accordion-icons-1576321076890" class="accordion-icons">
                        <span class="accordion-icon-active accordion-plus"><i class="fa fas fa-angle-right"></i></span>
                        <span class="accordion-icon-inactive accordion-minus"><i class="fa fas fa-chevron-down"></i></span>
                    </span>
                    <span id="header-text-1576321076890" class="accordions-head-title">STRUCTURE ORGANISATIONNELLE</span>
                            </div>
            <div class="accordion-content content1576321076890 ">
                <ul>
<li>L’Assemblée Générale est l’organe souverain de l’association. Elle se tient tous les trois ans.</li>
<li>La deuxième structure décisionnelle de l’association est le Conseil d’Administration (CA). Ses membres sont élus pour une durée de trois ans lors de l’Assemblée Générale. Le CA se réunit en moyenne deux fois par an.</li>
<li>La troisième structure issue du CA est le Bureau. Il gère les activités courantes de l’association.</li>
</ul>
            </div>
    
            <div post_id="370" itemcount="2"  header_id="header-1576321125065" id="header-1576321125065" style="" class="accordions-head head1576321125065 border-none" toggle-text="" main-text="STRUCTURE OPERATIONNELLE">
                                    <span id="accordion-icons-1576321125065" class="accordion-icons">
                        <span class="accordion-icon-active accordion-plus"><i class="fa fas fa-angle-right"></i></span>
                        <span class="accordion-icon-inactive accordion-minus"><i class="fa fas fa-chevron-down"></i></span>
                    </span>
                    <span id="header-text-1576321125065" class="accordions-head-title">STRUCTURE OPERATIONNELLE</span>
                            </div>
            <div class="accordion-content content1576321125065 ">
                <p>Compte tenu de la diversité des pays, des cultures et des thèmes, e-OMED s’adosse sur des structures flexibles qui sont les Communautés Thématiques (CT).</p>
<p>Les CT regroupent des acteurs d’institutions membres d’e-OMED, intéressés par un même sujet : discipline, pédagogie, outils, …</p>
<p><em>Ces CT ont pour mission de :</em></p>
<p><em> </em></p>
<ul>
<li><strong>Faire</strong> le bilan des ressources, expériences et usages du numérique dans leur domaine.</li>
<li><strong>Construire</strong> des projets pluri-partenaires et pluri-pays et rechercher les financements nécessaires.</li>
<li><strong>Coordonner </strong>ces projets, assurer la dissémination des résultats et promouvoir I’utilisation de leurs productions.</li>
</ul>
<p><strong> </strong></p>
            </div>
    
            <div post_id="370" itemcount="3"  header_id="header-1576321142582" id="header-1576321142582" style="" class="accordions-head head1576321142582 border-none" toggle-text="" main-text="AVANTAGES D’ADHERER A e-OMED">
                                    <span id="accordion-icons-1576321142582" class="accordion-icons">
                        <span class="accordion-icon-active accordion-plus"><i class="fa fas fa-angle-right"></i></span>
                        <span class="accordion-icon-inactive accordion-minus"><i class="fa fas fa-chevron-down"></i></span>
                    </span>
                    <span id="header-text-1576321142582" class="accordions-head-title">AVANTAGES D’ADHERER A e-OMED</span>
                            </div>
            <div class="accordion-content content1576321142582 ">
                <ul>
<li>Accéder à un large réseau de partenaires internationaux pour l’usage des TICE.</li>
<li>Mutualiser, partager et valoriser des ressources numériques.</li>
<li>Renforcer la visibilité de la production des membres.</li>
<li>Bénéficier des appels à projets lancés par l'association.</li>
<li>Disposer de l’expertise d’e-OMED et de ses membres dans le montage et la gestion des projets internationaux.</li>
</ul>
            </div>
    
            <div post_id="370" itemcount="4"  header_id="header-1576321151950" id="header-1576321151950" style="" class="accordions-head head1576321151950 border-none" toggle-text="" main-text="ADHERER A e-OMED">
                                    <span id="accordion-icons-1576321151950" class="accordion-icons">
                        <span class="accordion-icon-active accordion-plus"><i class="fa fas fa-angle-right"></i></span>
                        <span class="accordion-icon-inactive accordion-minus"><i class="fa fas fa-chevron-down"></i></span>
                    </span>
                    <span id="header-text-1576321151950" class="accordions-head-title">ADHERER A e-OMED</span>
                            </div>
            <div class="accordion-content content1576321151950 ">
                <ul>
<li>Peuvent adhérer à e-OMED les personnes morales qui souhaitent participer à la réalisation des objectifs de l’association et qui ont été agréées à cet effet.</li>
<li>Tout établissement ou structure désirant adhérer doit envoyer un courriel à l’un des membres du bureau de l’association et recevra par retour un dossier d’adhésion.</li>
<li>Toutes les demandes d’adhésions doivent être agréées par le CA.</li>
<li>Le maintien de la qualité de membre suppose le versement d’une cotisation annuelle.</li>
</ul>
            </div>
    
            <div post_id="370" itemcount="5"  header_id="header-1576321168369" id="header-1576321168369" style="" class="accordions-head head1576321168369 border-none" toggle-text="" main-text="LE BUREAU D’e-OMED">
                                    <span id="accordion-icons-1576321168369" class="accordion-icons">
                        <span class="accordion-icon-active accordion-plus"><i class="fa fas fa-angle-right"></i></span>
                        <span class="accordion-icon-inactive accordion-minus"><i class="fa fas fa-chevron-down"></i></span>
                    </span>
                    <span id="header-text-1576321168369" class="accordions-head-title">LE BUREAU D’e-OMED</span>
                            </div>
            <div class="accordion-content content1576321168369 ">
                <h3>President</h3>
<p>Mr. <em>Jilani LAMLOUMI(</em><a href="mailto:jilani.lamloumi@gmail.com">jilani.lamloumi@gmail.com)</a></p>
<h3>Vice-Président</h3>
<p><em>François HENN (</em><a href="#">francois.henn@umontpellier.fr</a>)</p>
<h3>Déléguée générale</h3>
<p><em>Mme Catherine BARREAU (</em><a href="#">catherine.barreau@unjf.fr)</a></p>
<h3>Trésorier</h3>
<p><em> Hervé CHAPPERT  (</em><a href="#">herve.chappert@umontpellier.fr)</a></p>
<h3>Membres du Bureau</h3>
<p style="font-weight: 400">Molka BEL CADHI</p>
<p style="font-weight: 400">Olfa MOURALI</p>
<p style="font-weight: 400">David CASSAGNE</p>
<p style="font-weight: 400">Christine BILLON-LANFRAY</p>
<p style="font-weight: 400">Imad HODALI</p>
<h3>Siège</h3>
<p>Association Internationale e-OMED - BP 50<br />
Université de Montpellier<br />
163 rue Auguste Broussonnet<br />
34000 Montpellier</p>
<p><strong>Courriel: </strong><a href="#">administratif@eomed.org</a></p>
            </div>
    </div>



            </div>

<p>Association internationale Espace numérique Ouvert pour la MEDiterranée e-OMED Créée en 2011 et régie par la loi française de 1901. &#8220;LES TICE COMME VECTEUR DES SAVOIRS&#8221;</p>
