{"id":466,"date":"2020-11-11T08:44:33","date_gmt":"2020-11-11T08:44:33","guid":{"rendered":"https:\/\/eomed.org\/fr\/?page_id=466"},"modified":"2021-12-11T21:39:48","modified_gmt":"2021-12-11T21:39:48","slug":"droit","status":"publish","type":"page","link":"https:\/\/eomed.org\/fr\/communautes-thematiques\/droit\/","title":{"rendered":"Droit"},"content":{"rendered":"\n<h2 class=\"wp-block-heading\">Introduction<\/h2>\n\n\n\n<p>La Communaut\u00e9 th\u00e9matique du droit est naturellement d\u00e9di\u00e9e \u00e0 la relation entre le droit et le num\u00e9rique. Ses objectifs sont les suivants:<\/p>\n\n\n\n<ul class=\"wp-block-list\"><li>F\u00e9d\u00e9rer les entit\u00e9s juridiques de la zone m\u00e9diterran\u00e9enne autour des ressources num\u00e9riques de formation disponibles afin d&#8217;examiner les possibilit\u00e9s d&#8217;\u00e9change et d&#8217;utilisation partag\u00e9e, voire de coproduction de nouvelles ressources num\u00e9riques ; <\/li><li>Organiser des rencontres acad\u00e9miques sur des th\u00e8mes d&#8217;int\u00e9r\u00eat commun * promouvoir l&#8217;\u00e9change de documents et de sources r\u00e9glementaires et jurisprudentielles <\/li><li>Promouvoir les contacts et les \u00e9changes entre les \u00e9tudiants, en particulier aux niveaux du master et du doctorat<\/li><\/ul>\n\n\n\n<h2 class=\"wp-block-heading\">Contacts<\/h2>\n\n\n\n<ul class=\"wp-block-list\"><li>Amal Abdallah \u2013 Universit\u00e9 Libanaise &#8211;&nbsp;email: <a href=\"mailto:aamal@ul.edu.lb\">aamal@ul.edu.lb<\/a><\/li><li>Catherine Barreau \u2013 Universit\u00e9 Rennes 1-&nbsp;email : <a href=\"mailto:catherine.barreau@univ-rennes1.fr\">catherine.barreau@univ-rennes1.fr<\/a><\/li><li>Najoua Djerad \u2013 Universit\u00e9 la Manouba &#8211; &nbsp;email: <a href=\"mailto:najouadjerad@gmail.com\">najouadjerad@gmail.com<\/a><\/li><\/ul>\n\n\n\n<h2 class=\"wp-block-heading\">Documents en ligne<\/h2>\n\n\n\n<ul class=\"wp-block-list\"><li>Colloque e-OMED colloquium : Droit et NUm\u00e9rique,&nbsp; 20-21 novembre 2017 \u2013 Kaslik, Liban&nbsp; (link : <a rel=\"noreferrer noopener\" aria-label=\"Actes Colloque e-Omed-Droit et numerique-Kaslik-2017.pdf (opens in a new tab)\" href=\"https:\/\/eomed.org\/wp-content\/uploads\/2020\/09\/Actes-Colloque-e-Omed-Droit-et-numerique-Kaslik-2017_doc12.pdf\" target=\"_blank\">Actes Colloque e-Omed-Droit et numerique-Kaslik-2017.pdf<\/a>)<\/li><li>Atelier sur \u00ab les contraintes techniques de l&#8217;archivage num\u00e9rique des juristes \u00bb,&nbsp; 25-26 avril 2017 &#8211; Tunis, Tunisie. (link: <a rel=\"noreferrer noopener\" aria-label=\"Workshop Archivage num\u00e9rique des juristes-Tunis-25-26avril2017.pdf (opens in a new tab)\" href=\"https:\/\/eomed.org\/wp-content\/uploads\/2020\/09\/Workshop-Archivage-num%C3%A9rique-des-juristes-Tunis-25-26avril2017_doc13.pdf\" target=\"_blank\">Workshop Archivage num\u00e9rique des juristes-Tunis-25-26avril2017.pdf <\/a>+ <a href=\"https:\/\/eomed.org\/wp-content\/uploads\/2020\/09\/image-3.jpg\" class=\"fancybox image\"><img decoding=\"async\" class=\"fancybox img\" src=\"https:\/\/eomed.org\/fr\/wp-content\/uploads\/sites\/2\/2020\/11\/image.jpg\"><\/a>)<\/li><li>Compte-rendu&nbsp; \u00ab l\u2019archivage num\u00e9rique : aspects juridiques \u00bb, r\u00e9union du 8 d\u00e9cember 2016 \u2013 Paris, France. (link: <a rel=\"noreferrer noopener\" aria-label=\"Compte-rendu CT Droit-Paris-8d\u00e9c2016.pdf (opens in a new tab)\" href=\"https:\/\/eomed.org\/wp-content\/uploads\/2020\/09\/Compte-rendu-CT-Droit-Paris-8d%C3%A9c2016_doc14.pdf\" target=\"_blank\">Compte-rendu CT Droit-Paris-8d\u00e9c2016.pdf<\/a>) <\/li><\/ul>\n","protected":false},"excerpt":{"rendered":"<p>Introduction La Communaut\u00e9 th\u00e9matique du droit est naturellement d\u00e9di\u00e9e \u00e0 la relation entre le droit et le num\u00e9rique. Ses objectifs sont les suivants: F\u00e9d\u00e9rer les entit\u00e9s juridiques de la zone m\u00e9diterran\u00e9enne autour des ressources num\u00e9riques de formation disponibles afin d&#8217;examiner les possibilit\u00e9s d&#8217;\u00e9change et d&#8217;utilisation partag\u00e9e, voire de coproduction de nouvelles ressources num\u00e9riques ; Organiser &hellip; <\/p>\n<p class=\"link-more\"><a href=\"https:\/\/eomed.org\/fr\/communautes-thematiques\/droit\/\" class=\"more-link\">Continue reading<span class=\"screen-reader-text\"> &#8220;Droit&#8221;<\/span><\/a><\/p>\n","protected":false},"author":1,"featured_media":0,"parent":399,"menu_order":5,"comment_status":"closed","ping_status":"closed","template":"","meta":{"_acf_changed":false,"footnotes":""},"class_list":["post-466","page","type-page","status-publish","hentry","entry"],"acf":[],"featured_image_src":null,"_links":{"self":[{"href":"https:\/\/eomed.org\/fr\/wp-json\/wp\/v2\/pages\/466","targetHints":{"allow":["GET"]}}],"collection":[{"href":"https:\/\/eomed.org\/fr\/wp-json\/wp\/v2\/pages"}],"about":[{"href":"https:\/\/eomed.org\/fr\/wp-json\/wp\/v2\/types\/page"}],"author":[{"embeddable":true,"href":"https:\/\/eomed.org\/fr\/wp-json\/wp\/v2\/users\/1"}],"replies":[{"embeddable":true,"href":"https:\/\/eomed.org\/fr\/wp-json\/wp\/v2\/comments?post=466"}],"version-history":[{"count":12,"href":"https:\/\/eomed.org\/fr\/wp-json\/wp\/v2\/pages\/466\/revisions"}],"predecessor-version":[{"id":562,"href":"https:\/\/eomed.org\/fr\/wp-json\/wp\/v2\/pages\/466\/revisions\/562"}],"up":[{"embeddable":true,"href":"https:\/\/eomed.org\/fr\/wp-json\/wp\/v2\/pages\/399"}],"wp:attachment":[{"href":"https:\/\/eomed.org\/fr\/wp-json\/wp\/v2\/media?parent=466"}],"curies":[{"name":"wp","href":"https:\/\/api.w.org\/{rel}","templated":true}]}}

<h2 class="wp-block-heading">Introduction</h2>



<p>La Communauté thématique du droit est naturellement dédiée à la relation entre le droit et le numérique. Ses objectifs sont les suivants:</p>



<ul class="wp-block-list"><li>Fédérer les entités juridiques de la zone méditerranéenne autour des ressources numériques de formation disponibles afin d&#8217;examiner les possibilités d&#8217;échange et d&#8217;utilisation partagée, voire de coproduction de nouvelles ressources numériques ; </li><li>Organiser des rencontres académiques sur des thèmes d&#8217;intérêt commun * promouvoir l&#8217;échange de documents et de sources réglementaires et jurisprudentielles </li><li>Promouvoir les contacts et les échanges entre les étudiants, en particulier aux niveaux du master et du doctorat</li></ul>



<h2 class="wp-block-heading">Contacts</h2>



<ul class="wp-block-list"><li>Amal Abdallah – Université Libanaise &#8211;&nbsp;email: <a href="mailto:aamal@ul.edu.lb">aamal@ul.edu.lb</a></li><li>Catherine Barreau – Université Rennes 1-&nbsp;email : <a href="mailto:catherine.barreau@univ-rennes1.fr">catherine.barreau@univ-rennes1.fr</a></li><li>Najoua Djerad – Université la Manouba &#8211; &nbsp;email: <a href="mailto:najouadjerad@gmail.com">najouadjerad@gmail.com</a></li></ul>



<h2 class="wp-block-heading">Documents en ligne</h2>



<ul class="wp-block-list"><li>Colloque e-OMED colloquium : Droit et NUmérique,&nbsp; 20-21 novembre 2017 – Kaslik, Liban&nbsp; (link : <a rel="noreferrer noopener" aria-label="Actes Colloque e-Omed-Droit et numerique-Kaslik-2017.pdf (opens in a new tab)" href="https://eomed.org/wp-content/uploads/2020/09/Actes-Colloque-e-Omed-Droit-et-numerique-Kaslik-2017_doc12.pdf" target="_blank">Actes Colloque e-Omed-Droit et numerique-Kaslik-2017.pdf</a>)</li><li>Atelier sur « les contraintes techniques de l&#8217;archivage numérique des juristes »,&nbsp; 25-26 avril 2017 &#8211; Tunis, Tunisie. (link: <a rel="noreferrer noopener" aria-label="Workshop Archivage numérique des juristes-Tunis-25-26avril2017.pdf (opens in a new tab)" href="https://eomed.org/wp-content/uploads/2020/09/Workshop-Archivage-num%C3%A9rique-des-juristes-Tunis-25-26avril2017_doc13.pdf" target="_blank">Workshop Archivage numérique des juristes-Tunis-25-26avril2017.pdf </a>+ <a href="https://eomed.org/wp-content/uploads/2020/09/image-3.jpg" class="fancybox image"><img decoding="async" class="fancybox img" src="https://eomed.org/fr/wp-content/uploads/sites/2/2020/11/image.jpg"></a>)</li><li>Compte-rendu&nbsp; « l’archivage numérique : aspects juridiques », réunion du 8 décember 2016 – Paris, France. (link: <a rel="noreferrer noopener" aria-label="Compte-rendu CT Droit-Paris-8déc2016.pdf (opens in a new tab)" href="https://eomed.org/wp-content/uploads/2020/09/Compte-rendu-CT-Droit-Paris-8d%C3%A9c2016_doc14.pdf" target="_blank">Compte-rendu CT Droit-Paris-8déc2016.pdf</a>) </li></ul>

<p>Introduction La Communauté thématique du droit est naturellement dédiée à la relation entre le droit et le numérique. Ses objectifs sont les suivants: Fédérer les entités juridiques de la zone méditerranéenne autour des ressources numériques de formation disponibles afin d&#8217;examiner les possibilités d&#8217;échange et d&#8217;utilisation partagée, voire de coproduction de nouvelles ressources numériques ; Organiser &hellip; </p>
<p class="link-more"><a href="https://eomed.org/fr/communautes-thematiques/droit/" class="more-link">Continue reading<span class="screen-reader-text"> &#8220;Droit&#8221;</span></a></p>
