{"id":1224,"date":"2020-09-22T09:40:19","date_gmt":"2020-09-22T09:40:19","guid":{"rendered":"https:\/\/eomed.org\/?page_id=1224"},"modified":"2021-12-11T05:03:58","modified_gmt":"2021-12-11T04:03:58","slug":"pedagogic-uses-of-itc","status":"publish","type":"page","link":"https:\/\/eomed.org\/?page_id=1224","title":{"rendered":"Pedagogic uses of ITC"},"content":{"rendered":"\n<h2 class=\"wp-block-heading\">Introduction<\/h2>\n\n\n\n<p>This new community is the merging of several former communities: \u00a0\u00bb Digital pedagogy for Engineering \u00ab\u00a0, \u00ab\u00a0Distant practical courses\u00a0\u00bb, \u00ab\u00a0Digital resources for education in technology\u00a0\u00bb and \u00ab\u00a0Pedagogical innovation\u00a0\u00bb<\/p>\n\n\n\n<p>In this context, the Pedagogic uses of ITC Thematic Community aims to mutualize the digital resources dedicated to teaching and more particularly to practical courses, to promote access for the greatest number of people to digital resources and technologies of the latest generation, to facilitate the development of lifelong learning and to encourage equal and transparent access to higher education.<\/p>\n\n\n\n<h2 class=\"wp-block-heading\">Contacts<\/h2>\n\n\n\n<ul class=\"wp-block-list\"><li>Philippe Pernelle \u2013 Universit\u00e9 de Lyon &nbsp;: <a href=\"mailto:philippe.pernelle@univ-lyon1.fr\">philippe.pernelle@univ-lyon1.fr<\/a><\/li><li>Adel Ben Taziri \u2013 Universit\u00e9 Virtuelle de Tunis : <a href=\"mailto:\" data-type=\"mailto\" data-id=\"mailto:\">mailto:<\/a><a href=\"mailto:bentaziri@uvt.tn\">bentaziri@uvt.tn<\/a><\/li><\/ul>\n\n\n\n<h2 class=\"wp-block-heading\">On line documents<\/h2>\n\n\n\n<ul class=\"wp-block-list\"><li>Regional workshop on \u00ab&nbsp;les ressources \u00e9ducatives libres pour une \u00e9ducation de qualit\u00e9&nbsp;\u00bb, 17-19 April 2019 &#8211; Hammamet, Tunisia (link&nbsp;: <a rel=\"noreferrer noopener\" aria-label=\"Atelier REL-Hammamet-17-19avril2019.pdf doc#1 (opens in a new tab)\" href=\"https:\/\/eomed.org\/wp-content\/uploads\/2020\/09\/Atelier-REL-Hammamet-17-19avril2019-_doc1.pdf\" target=\"_blank\">Atelier REL-Hammamet-17-19avril2019.pdf <\/a> + <a href=\"https:\/\/eomed.org\/wp-content\/uploads\/2020\/09\/image-1.jpg\"><img decoding=\"async\" src=\"https:\/\/eomed.org\/wp-content\/uploads\/2020\/09\/image.jpg\"><\/a> ) <\/li><li>Plateform for technology AIP-PRIM\u00e9ca (link&nbsp;: <a rel=\"noreferrer noopener\" aria-label=\" (opens in a new tab)\" href=\"https:\/\/aip-primeca.insa-lyon.fr\/fr\/content\/presentation\" target=\"_blank\">https:\/\/aip-primeca.insa-lyon.fr\/fr\/content\/presentation<\/a>)<\/li><li>Practical courses bank (link <a rel=\"noreferrer noopener\" aria-label=\" (opens in a new tab)\" href=\"http:\/\/ressources.unisciel.fr\/tp_virtuels\/menu\/co\/BanquedeTPvirtuelsprojeteomed_web.html\" target=\"_blank\">http:\/\/ressources.unisciel.fr\/tp_virtuels\/menu\/co\/BanquedeTPvirtuelsprojeteomed_web.html<\/a>)<\/li><li>Workshop on \u00ab&nbsp;La Mutualisation et l\u2019Usage des Ressources num\u00e9riques m\u00e9diterran\u00e9ennes&nbsp;\u00bb , 1-2 february 2012 &#8211; Tunis, Tunisia (link&nbsp;: <a rel=\"noreferrer noopener\" aria-label=\"Workshop Mutualisation et usage des ressources num\u00e9riques-Tunis-1-2fev2012.pdf doc#2 (opens in a new tab)\" href=\"https:\/\/eomed.org\/wp-content\/uploads\/2020\/09\/Workshop-Mutualisation-et-usage-des-ressources-num\u00e9riques-Tunis-1-2fev2012_doc2.pdf\" target=\"_blank\">Workshop Mutualisation et usage des ressources num\u00e9riques-Tunis-1-2fev2012.pdf <\/a> + <a href=\"https:\/\/eomed.org\/wp-content\/uploads\/2020\/09\/image-2.jpg\"><img decoding=\"async\" src=\"https:\/\/eomed.org\/wp-content\/uploads\/2020\/09\/image.jpg\"><\/a> )<\/li><li>Minutes of the Digital pedagogy for Engineering Thematic group, 26<sup>th<\/sup> May 2011 (link&nbsp;: <a rel=\"noreferrer noopener\" aria-label=\"Compte rendu CT P\u00e9dagogie num\u00e9rique-Rabat 26mai2011.pdf (opens in a new tab)\" href=\"https:\/\/eomed.org\/wp-content\/uploads\/2020\/09\/Compte-rendu-CT-P\u00e9dagogie-num\u00e9rique-Rabat-26mai2011_doc3.pdf\" target=\"_blank\">Compte rendu CT P\u00e9dagogie num\u00e9rique-Rabat 26mai2011.pdf<\/a> )  + <a rel=\"noreferrer noopener\" aria-label=\"doc#5 (opens in a new tab)\" href=\"https:\/\/eomed.org\/wp-content\/uploads\/2020\/09\/R\u00e9union-CT-P\u00e9dagogie-num-et-Tele-TP-Rabat-26-27mai2011_doc5.pdf\" target=\"_blank\">doc#5<\/a><\/li><li>Minutes of the Distant practical courses Thematic group (link : <a rel=\"noreferrer noopener\" aria-label=\"Compte rendu CT Tele-TP-Rabat-27mai2011.pdf  \ndoc#4 (opens in a new tab)\" href=\"https:\/\/eomed.org\/wp-content\/uploads\/2020\/09\/Compte-rendu-CT-Tele-TP-Rabat-27mai2011_doc4.pdf\" target=\"_blank\">Compte rendu CT Tele-TP-Rabat-27mai2011.pdf  <br><\/a>  ) +<a rel=\"noreferrer noopener\" aria-label=\"doc#5 (opens in a new tab)\" href=\"https:\/\/eomed.org\/wp-content\/uploads\/2020\/09\/R\u00e9union-CT-P\u00e9dagogie-num-et-Tele-TP-Rabat-26-27mai2011_doc5.pdf\" target=\"_blank\"> doc#5<\/a><\/li><li>Workshop on \u201cLes ressources IUT en ligne \u00bb, 10 April 2012, Sousse, Tunisia, (link : <a rel=\"noreferrer noopener\" aria-label=\"Ateliers sur les ressources d\u2019IUT en ligne-Tunis-Sousse-Sfax-2-10avril2012 doc#6 (opens in a new tab)\" href=\"https:\/\/eomed.org\/wp-content\/uploads\/2020\/09\/Ateliers-sur-les-ressources-IUT-en-ligne-Tunis-Sousse-Sfax-2-10avril2012_doc6.pdf\" target=\"_blank\">Ateliers sur les ressources d\u2019IUT en ligne-Tunis-Sousse-Sfax-2-10avril2012 doc#6<\/a> ) <\/li><\/ul>\n","protected":false},"excerpt":{"rendered":"<p>Introduction This new community is the merging of several former communities: \u00a0\u00bb Digital pedagogy for Engineering \u00ab\u00a0, \u00ab\u00a0Distant practical courses\u00a0\u00bb, \u00ab\u00a0Digital resources for education in technology\u00a0\u00bb and \u00ab\u00a0Pedagogical innovation\u00a0\u00bb In this context, the Pedagogic uses of ITC Thematic Community aims to mutualize the digital resources dedicated to teaching and more particularly to practical courses, to &hellip; <\/p>\n<p class=\"link-more\"><a href=\"https:\/\/eomed.org\/?page_id=1224\" class=\"more-link\">Continuer la lecture <span class=\"screen-reader-text\"> \u00ab\u00a0Pedagogic uses of ITC\u00a0\u00bb<\/span><\/a><\/p>\n","protected":false},"author":1,"featured_media":0,"parent":1222,"menu_order":0,"comment_status":"closed","ping_status":"closed","template":"","meta":{"_acf_changed":false,"advgb_blocks_editor_width":"","advgb_blocks_columns_visual_guide":"","footnotes":""},"class_list":["post-1224","page","type-page","status-publish","hentry","entry"],"acf":[],"featured_image_src":null,"coauthors":[],"author_meta":{"author_link":"https:\/\/eomed.org\/?author=1","display_name":"admin"},"relative_dates":{"created":"Publi\u00e9 6 ans il y a","modified":"Mis \u00e0 jour 4 ans il y a"},"absolute_dates":{"created":"Publi\u00e9 le septembre 22, 2020","modified":"Mise \u00e0 jour le d\u00e9cembre 11, 2021"},"absolute_dates_time":{"created":"Publi\u00e9 le septembre 22, 2020 9:40 am","modified":"Mise \u00e0 jour le d\u00e9cembre 11, 2021 5:03 am"},"featured_img_caption":"","featured_img":false,"series_order":"","_links":{"self":[{"href":"https:\/\/eomed.org\/index.php?rest_route=\/wp\/v2\/pages\/1224","targetHints":{"allow":["GET"]}}],"collection":[{"href":"https:\/\/eomed.org\/index.php?rest_route=\/wp\/v2\/pages"}],"about":[{"href":"https:\/\/eomed.org\/index.php?rest_route=\/wp\/v2\/types\/page"}],"author":[{"embeddable":true,"href":"https:\/\/eomed.org\/index.php?rest_route=\/wp\/v2\/users\/1"}],"replies":[{"embeddable":true,"href":"https:\/\/eomed.org\/index.php?rest_route=%2Fwp%2Fv2%2Fcomments&post=1224"}],"version-history":[{"count":5,"href":"https:\/\/eomed.org\/index.php?rest_route=\/wp\/v2\/pages\/1224\/revisions"}],"predecessor-version":[{"id":1514,"href":"https:\/\/eomed.org\/index.php?rest_route=\/wp\/v2\/pages\/1224\/revisions\/1514"}],"up":[{"embeddable":true,"href":"https:\/\/eomed.org\/index.php?rest_route=\/wp\/v2\/pages\/1222"}],"wp:attachment":[{"href":"https:\/\/eomed.org\/index.php?rest_route=%2Fwp%2Fv2%2Fmedia&parent=1224"}],"curies":[{"name":"wp","href":"https:\/\/api.w.org\/{rel}","templated":true}]}}