{"id":1245,"date":"2020-09-22T10:10:41","date_gmt":"2020-09-22T10:10:41","guid":{"rendered":"https:\/\/eomed.org\/?page_id=1245"},"modified":"2021-12-12T11:52:36","modified_gmt":"2021-12-12T10:52:36","slug":"economy-management-entrepreneurship","status":"publish","type":"page","link":"https:\/\/eomed.org\/?page_id=1245","title":{"rendered":"Economy, Management &#038; Entrepreneurship"},"content":{"rendered":"\n<h2 class=\"wp-block-heading\">Introduction<\/h2>\n\n\n\n<p>This community results from the merger of two communities: \u00ab\u00a0Entrepreneurship and Innovation\u00a0\u00bb created in 2011 and \u00ab\u00a0Economy and Management\u00a0\u00bb created in 2013. Made up of institutions and experts who have already led mobilizing and federating projects in these fields, this community aims to : <\/p>\n\n\n\n<p><\/p>\n\n\n\n<ul class=\"wp-block-list\"><li>Achieve economies of scale through the pooling and sharing of experiences;<\/li><li>Provide teachers with quality resources validated by the institutions; <\/li><li>Contribute to the updating of trainers&rsquo; knowledge.<\/li><\/ul>\n\n\n\n<h2 class=\"wp-block-heading\">Contacts<\/h2>\n\n\n\n<ul class=\"wp-block-list\"><li>Molka Bel Cadhi \u2013 Universit\u00e9 Virtuelle de Tunis-&nbsp;email : <a href=\"mailto:molka.belcadhi@uvt.tn\">belcadhi@uvt.tn<\/a><\/li><li>Herv\u00e9 Chappert \u2013 Universit\u00e9 de Montpellier-&nbsp;email:   <a href=\"mailto:herve.chappert@umontpellier.fr\">herve.chappert@umontpellier.fr<\/a>     <\/li><\/ul>\n\n\n\n<h2 class=\"wp-block-heading\">On line documents<\/h2>\n\n\n\n<ul class=\"wp-block-list\"><li>Minutes of the Economy and Managment Thematic Communauty, 30 January 2015 &#8211; Paris, France. (link&nbsp;: <a rel=\"noreferrer noopener\" href=\"https:\/\/eomed.org\/wp-content\/uploads\/2020\/09\/Compte-rendu-CT-Economie-et-Gestion-Paris-30janvier2015_doc8.pdf\" target=\"_blank\">Compte rendu CT Economie et Gestion-Paris-30janvier2015.pdf<\/a>) <\/li><li>Minutes of the Economy and Managment Thematic Communauty, 24 November 2014 &#8211; Paris, France. (link&nbsp;: <a rel=\"noreferrer noopener\" aria-label=\" (opens in a new tab)\" href=\"https:\/\/eomed.org\/wp-content\/uploads\/2020\/09\/R\u00e9union-CT-Economie-et-Gestion-Paris-24nov2014_doc9.pdf\" target=\"_blank\">R\u00e9union CT Economie et Gestion-Paris-24nov2014.pdf<\/a>) <\/li><li>Minutes of the Economy and Managment Thematic Communauty, 13 June 2013 &#8211; F\u00e8s, Marocco. (link&nbsp;: <a rel=\"noreferrer noopener\" aria-label=\" (opens in a new tab)\" href=\"https:\/\/eomed.org\/wp-content\/uploads\/2020\/09\/Compte-rendu-CT-Economie-et-Gestion-F\u00e8s-13juin2013.pdf_doc10.pdf\" target=\"_blank\">Compte rendu CT Economie et Gestion-F\u00e8s-13juin2013.pdf<\/a>) <\/li><li>Agenda of the Innovation and Entrepreneurship Thematic Community, 12 January 2011 &#8211; Toulon, France. (link&nbsp;: <a rel=\"noreferrer noopener\" aria-label=\" (opens in a new tab)\" href=\"https:\/\/eomed.org\/wp-content\/uploads\/2020\/09\/R\u00e9union-CT-Innovation-et-entrepreneuriat-Toulon-12janv2011_doc11.pdf\" target=\"_blank\">R\u00e9union CT Innovation et entrepreneuriat-Toulon-12janv2011.pdf<\/a>) <\/li><\/ul>\n","protected":false},"excerpt":{"rendered":"<p>Introduction This community results from the merger of two communities: \u00ab\u00a0Entrepreneurship and Innovation\u00a0\u00bb created in 2011 and \u00ab\u00a0Economy and Management\u00a0\u00bb created in 2013. Made up of institutions and experts who have already led mobilizing and federating projects in these fields, this community aims to : Achieve economies of scale through the pooling and sharing of &hellip; <\/p>\n<p class=\"link-more\"><a href=\"https:\/\/eomed.org\/?page_id=1245\" class=\"more-link\">Continuer la lecture <span class=\"screen-reader-text\"> \u00ab\u00a0Economy, Management &#038; Entrepreneurship\u00a0\u00bb<\/span><\/a><\/p>\n","protected":false},"author":1,"featured_media":0,"parent":1222,"menu_order":3,"comment_status":"closed","ping_status":"closed","template":"","meta":{"_acf_changed":false,"advgb_blocks_editor_width":"","advgb_blocks_columns_visual_guide":"","footnotes":""},"class_list":["post-1245","page","type-page","status-publish","hentry","entry"],"acf":[],"featured_image_src":null,"coauthors":[],"author_meta":{"author_link":"https:\/\/eomed.org\/?author=1","display_name":"admin"},"relative_dates":{"created":"Publi\u00e9 6 ans il y a","modified":"Mis \u00e0 jour 4 ans il y a"},"absolute_dates":{"created":"Publi\u00e9 le septembre 22, 2020","modified":"Mise \u00e0 jour le d\u00e9cembre 12, 2021"},"absolute_dates_time":{"created":"Publi\u00e9 le septembre 22, 2020 10:10 am","modified":"Mise \u00e0 jour le d\u00e9cembre 12, 2021 11:52 am"},"featured_img_caption":"","featured_img":false,"series_order":"","_links":{"self":[{"href":"https:\/\/eomed.org\/index.php?rest_route=\/wp\/v2\/pages\/1245","targetHints":{"allow":["GET"]}}],"collection":[{"href":"https:\/\/eomed.org\/index.php?rest_route=\/wp\/v2\/pages"}],"about":[{"href":"https:\/\/eomed.org\/index.php?rest_route=\/wp\/v2\/types\/page"}],"author":[{"embeddable":true,"href":"https:\/\/eomed.org\/index.php?rest_route=\/wp\/v2\/users\/1"}],"replies":[{"embeddable":true,"href":"https:\/\/eomed.org\/index.php?rest_route=%2Fwp%2Fv2%2Fcomments&post=1245"}],"version-history":[{"count":7,"href":"https:\/\/eomed.org\/index.php?rest_route=\/wp\/v2\/pages\/1245\/revisions"}],"predecessor-version":[{"id":1544,"href":"https:\/\/eomed.org\/index.php?rest_route=\/wp\/v2\/pages\/1245\/revisions\/1544"}],"up":[{"embeddable":true,"href":"https:\/\/eomed.org\/index.php?rest_route=\/wp\/v2\/pages\/1222"}],"wp:attachment":[{"href":"https:\/\/eomed.org\/index.php?rest_route=%2Fwp%2Fv2%2Fmedia&parent=1245"}],"curies":[{"name":"wp","href":"https:\/\/api.w.org\/{rel}","templated":true}]}}