{"id":1254,"date":"2020-09-22T10:19:16","date_gmt":"2020-09-22T10:19:16","guid":{"rendered":"https:\/\/eomed.org\/?page_id=1254"},"modified":"2021-12-12T12:00:00","modified_gmt":"2021-12-12T11:00:00","slug":"law","status":"publish","type":"page","link":"https:\/\/eomed.org\/?page_id=1254","title":{"rendered":"Law"},"content":{"rendered":"\n<h2 class=\"wp-block-heading\">Introduction<\/h2>\n\n\n\n<p><\/p>\n\n\n\n<p>The law Thematic Community is naturally dedicated to the relationship between Law and Digital. The objectives of this TC are to :<\/p>\n\n\n\n<p><\/p>\n\n\n\n<ul class=\"wp-block-list\"><li>federate the legal entities of the Mediterranean area around the digital training resources available in order to examine the possibilities of exchange and shared use, or even the co-production of new digital resources;<\/li><li>organize academic meetings on themes of common interest* promote the exchange of documents and regulatory and jurisprudential sources<\/li><li>promote contacts and exchanges between students, especially at Master and PhD levels.<\/li><\/ul>\n\n\n\n<h2 class=\"wp-block-heading\">Contacts<\/h2>\n\n\n\n<p><\/p>\n\n\n\n<ul class=\"wp-block-list\"><li>Amal Abdallah \u2013 Universit\u00e9 Libanaise \u2013\u00a0email:\u00a0<a href=\"mailto:aamal@ul.edu.lb\">aamal@ul.edu.lb<\/a><\/li><li>Catherine Barreau \u2013 Universit\u00e9 Rennes 1-\u00a0email :\u00a0<a href=\"mailto:catherine.barreau@univ-rennes1.fr\">barreau@univ-rennes1.fr<\/a><\/li><li>Najoua Djerad \u2013 Universit\u00e9 la Manouba \u2013 \u00a0email:\u00a0<a href=\"mailto:najouadjerad@gmail.com\">najouadjerad@gmail.com<\/a><\/li><\/ul>\n\n\n\n<p><\/p>\n\n\n\n<h2 class=\"wp-block-heading\">On line documents<\/h2>\n\n\n\n<p><\/p>\n\n\n\n<ul class=\"wp-block-list\"><li>e-OMEDcolloquium : Digital and Law,\u00a0 20-21 November 2017 \u2013 Kaslik, Libanon\u00a0 (link\u00a0:\u00a0<a rel=\"noreferrer noopener\" aria-label=\" (opens in a new tab)\" href=\"https:\/\/eomed.org\/wp-content\/uploads\/2020\/09\/Actes-Colloque-e-Omed-Droit-et-numerique-Kaslik-2017_doc12.pdf\" target=\"_blank\">Actes Colloque e-Omed-Droit et numerique-Kaslik-2017.pdf<\/a>)<\/li><li>Workshop on \u00ab\u00a0les contraintes techniques de l\u2019archivage num\u00e9rique des juristes\u00a0\u00bb, 25-26 April 2017 \u2013 Tunis, Tunisie. (link\u00a0:\u00a0<a rel=\"noreferrer noopener\" aria-label=\" (opens in a new tab)\" href=\"https:\/\/eomed.org\/wp-content\/uploads\/2020\/09\/Workshop-Archivage-num\u00e9rique-des-juristes-Tunis-25-26avril2017_doc13.pdf\" target=\"_blank\">Workshop Archivage num\u00e9rique des juristes-Tunis-25-26avril2017.pdf<\/a>+\u00a0<a class=\"fancybox image\" href=\"https:\/\/eomed.org\/wp-content\/uploads\/2020\/09\/image-3.jpg\"><img decoding=\"async\" src=\"https:\/\/eomed.org\/wp-content\/uploads\/2020\/09\/image.jpg\"><\/a>)<\/li><li>Minutes of the workshop on\u00a0 \u00ab\u00a0l\u2019archivage num\u00e9rique\u00a0: aspects juridiques \u00bb, 8 December 2016 \u2013 Paris, France. (link\u00a0:\u00a0<a rel=\"noreferrer noopener\" aria-label=\" (opens in a new tab)\" href=\"https:\/\/eomed.org\/wp-content\/uploads\/2020\/09\/Compte-rendu-CT-Droit-Paris-8d\u00e9c2016_doc14.pdf\" target=\"_blank\">Compte-rendu CT Droit-Paris-8d\u00e9c2016.pdf<\/a>)<\/li><\/ul>\n","protected":false},"excerpt":{"rendered":"<p>Introduction The law Thematic Community is naturally dedicated to the relationship between Law and Digital. The objectives of this TC are to : federate the legal entities of the Mediterranean area around the digital training resources available in order to examine the possibilities of exchange and shared use, or even the co-production of new digital &hellip; <\/p>\n<p class=\"link-more\"><a href=\"https:\/\/eomed.org\/?page_id=1254\" class=\"more-link\">Continuer la lecture <span class=\"screen-reader-text\"> \u00ab\u00a0Law\u00a0\u00bb<\/span><\/a><\/p>\n","protected":false},"author":1,"featured_media":0,"parent":1222,"menu_order":5,"comment_status":"closed","ping_status":"closed","template":"","meta":{"_acf_changed":false,"advgb_blocks_editor_width":"","advgb_blocks_columns_visual_guide":"","footnotes":""},"class_list":["post-1254","page","type-page","status-publish","hentry","entry"],"acf":[],"featured_image_src":null,"coauthors":[],"author_meta":{"author_link":"https:\/\/eomed.org\/?author=1","display_name":"admin"},"relative_dates":{"created":"Publi\u00e9 6 ans il y a","modified":"Mis \u00e0 jour 4 ans il y a"},"absolute_dates":{"created":"Publi\u00e9 le septembre 22, 2020","modified":"Mise \u00e0 jour le d\u00e9cembre 12, 2021"},"absolute_dates_time":{"created":"Publi\u00e9 le septembre 22, 2020 10:19 am","modified":"Mise \u00e0 jour le d\u00e9cembre 12, 2021 12:00 pm"},"featured_img_caption":"","featured_img":false,"series_order":"","_links":{"self":[{"href":"https:\/\/eomed.org\/index.php?rest_route=\/wp\/v2\/pages\/1254","targetHints":{"allow":["GET"]}}],"collection":[{"href":"https:\/\/eomed.org\/index.php?rest_route=\/wp\/v2\/pages"}],"about":[{"href":"https:\/\/eomed.org\/index.php?rest_route=\/wp\/v2\/types\/page"}],"author":[{"embeddable":true,"href":"https:\/\/eomed.org\/index.php?rest_route=\/wp\/v2\/users\/1"}],"replies":[{"embeddable":true,"href":"https:\/\/eomed.org\/index.php?rest_route=%2Fwp%2Fv2%2Fcomments&post=1254"}],"version-history":[{"count":9,"href":"https:\/\/eomed.org\/index.php?rest_route=\/wp\/v2\/pages\/1254\/revisions"}],"predecessor-version":[{"id":1548,"href":"https:\/\/eomed.org\/index.php?rest_route=\/wp\/v2\/pages\/1254\/revisions\/1548"}],"up":[{"embeddable":true,"href":"https:\/\/eomed.org\/index.php?rest_route=\/wp\/v2\/pages\/1222"}],"wp:attachment":[{"href":"https:\/\/eomed.org\/index.php?rest_route=%2Fwp%2Fv2%2Fmedia&parent=1254"}],"curies":[{"name":"wp","href":"https:\/\/api.w.org\/{rel}","templated":true}]}}

<h2 class="wp-block-heading">Introduction</h2>



<p></p>



<p>The law Thematic Community is naturally dedicated to the relationship between Law and Digital. The objectives of this TC are to :</p>



<p></p>



<ul class="wp-block-list"><li>federate the legal entities of the Mediterranean area around the digital training resources available in order to examine the possibilities of exchange and shared use, or even the co-production of new digital resources;</li><li>organize academic meetings on themes of common interest* promote the exchange of documents and regulatory and jurisprudential sources</li><li>promote contacts and exchanges between students, especially at Master and PhD levels.</li></ul>



<h2 class="wp-block-heading">Contacts</h2>



<p></p>



<ul class="wp-block-list"><li>Amal Abdallah – Université Libanaise – email: <a href="mailto:aamal@ul.edu.lb">aamal@ul.edu.lb</a></li><li>Catherine Barreau – Université Rennes 1- email : <a href="mailto:catherine.barreau@univ-rennes1.fr">barreau@univ-rennes1.fr</a></li><li>Najoua Djerad – Université la Manouba –  email: <a href="mailto:najouadjerad@gmail.com">najouadjerad@gmail.com</a></li></ul>



<p></p>



<h2 class="wp-block-heading">On line documents</h2>



<p></p>



<ul class="wp-block-list"><li>e-OMEDcolloquium : Digital and Law,  20-21 November 2017 – Kaslik, Libanon  (link : <a rel="noreferrer noopener" aria-label=" (opens in a new tab)" href="https://eomed.org/wp-content/uploads/2020/09/Actes-Colloque-e-Omed-Droit-et-numerique-Kaslik-2017_doc12.pdf" target="_blank">Actes Colloque e-Omed-Droit et numerique-Kaslik-2017.pdf</a>)</li><li>Workshop on « les contraintes techniques de l’archivage numérique des juristes », 25-26 April 2017 – Tunis, Tunisie. (link : <a rel="noreferrer noopener" aria-label=" (opens in a new tab)" href="https://eomed.org/wp-content/uploads/2020/09/Workshop-Archivage-numérique-des-juristes-Tunis-25-26avril2017_doc13.pdf" target="_blank">Workshop Archivage numérique des juristes-Tunis-25-26avril2017.pdf</a>+ <a class="fancybox image" href="https://eomed.org/wp-content/uploads/2020/09/image-3.jpg"><img decoding="async" src="https://eomed.org/wp-content/uploads/2020/09/image.jpg"></a>)</li><li>Minutes of the workshop on  « l’archivage numérique : aspects juridiques », 8 December 2016 – Paris, France. (link : <a rel="noreferrer noopener" aria-label=" (opens in a new tab)" href="https://eomed.org/wp-content/uploads/2020/09/Compte-rendu-CT-Droit-Paris-8déc2016_doc14.pdf" target="_blank">Compte-rendu CT Droit-Paris-8déc2016.pdf</a>)</li></ul>

Publié 6 ans il y a

Mis à jour 4 ans il y a

Publié le septembre 22, 2020

Mise à jour le décembre 12, 2021

Publié le septembre 22, 2020 10:19 am

Mise à jour le décembre 12, 2021 12:00 pm
