{"id":1285,"date":"2020-10-13T06:32:10","date_gmt":"2020-10-13T06:32:10","guid":{"rendered":"https:\/\/eomed.org\/?page_id=1285"},"modified":"2020-10-13T06:35:37","modified_gmt":"2020-10-13T06:35:37","slug":"introduction","status":"publish","type":"page","link":"https:\/\/eomed.org\/?page_id=1285","title":{"rendered":"Introduction"},"content":{"rendered":"\n<p>Every year e-OMED launches a call for\nprojects that it finances out of its own funds. After examination by external\nand internal reviewers, 3 or 4 projects are selected with a support of up to\n15.000euros. The first condition of eligibility is that they must involve at\nleast 2 partners members of e-OMED on the one hand and on the other hand\nbelonging to 2 distinct regions of the Mediterranean rim, i.e. North &amp;\nSouth; East &amp; South; East &amp; North. The maximum duration is 18 months. <\/p>\n\n\n\n<p>As an example, find the 2018 call and the corresponding submission form: (link to: <a rel=\"noreferrer noopener\" aria-label=\"doc#1 (opens in a new tab)\" href=\"https:\/\/eomed.org\/wp-content\/uploads\/2020\/10\/Appel-\u00e0-projets-e-Omed-2018_doc1.pdf\" target=\"_blank\">doc#1<\/a> et <a rel=\"noreferrer noopener\" aria-label=\"doc#2 (opens in a new tab)\" href=\"https:\/\/eomed.org\/wp-content\/uploads\/2020\/10\/e-Omed-Form-candidature-projet-2018_doc2.docx\" target=\"_blank\">doc#2<\/a>)<\/p>\n","protected":false},"excerpt":{"rendered":"<p>Every year e-OMED launches a call for projects that it finances out of its own funds. After examination by external and internal reviewers, 3 or 4 projects are selected with a support of up to 15.000euros. The first condition of eligibility is that they must involve at least 2 partners members of e-OMED on the &hellip; <\/p>\n<p class=\"link-more\"><a href=\"https:\/\/eomed.org\/?page_id=1285\" class=\"more-link\">Continuer la lecture <span class=\"screen-reader-text\"> \u00ab\u00a0Introduction\u00a0\u00bb<\/span><\/a><\/p>\n","protected":false},"author":1,"featured_media":0,"parent":1283,"menu_order":0,"comment_status":"closed","ping_status":"closed","template":"","meta":{"_acf_changed":false,"advgb_blocks_editor_width":"","advgb_blocks_columns_visual_guide":"","footnotes":""},"class_list":["post-1285","page","type-page","status-publish","hentry","entry"],"acf":[],"featured_image_src":null,"coauthors":[],"author_meta":{"author_link":"https:\/\/eomed.org\/?author=1","display_name":"admin"},"relative_dates":{"created":"Publi\u00e9 6 ans il y a","modified":"Mis \u00e0 jour 6 ans il y a"},"absolute_dates":{"created":"Publi\u00e9 le octobre 13, 2020","modified":"Mise \u00e0 jour le octobre 13, 2020"},"absolute_dates_time":{"created":"Publi\u00e9 le octobre 13, 2020 6:32 am","modified":"Mise \u00e0 jour le octobre 13, 2020 6:35 am"},"featured_img_caption":"","featured_img":false,"series_order":"","_links":{"self":[{"href":"https:\/\/eomed.org\/index.php?rest_route=\/wp\/v2\/pages\/1285","targetHints":{"allow":["GET"]}}],"collection":[{"href":"https:\/\/eomed.org\/index.php?rest_route=\/wp\/v2\/pages"}],"about":[{"href":"https:\/\/eomed.org\/index.php?rest_route=\/wp\/v2\/types\/page"}],"author":[{"embeddable":true,"href":"https:\/\/eomed.org\/index.php?rest_route=\/wp\/v2\/users\/1"}],"replies":[{"embeddable":true,"href":"https:\/\/eomed.org\/index.php?rest_route=%2Fwp%2Fv2%2Fcomments&post=1285"}],"version-history":[{"count":3,"href":"https:\/\/eomed.org\/index.php?rest_route=\/wp\/v2\/pages\/1285\/revisions"}],"predecessor-version":[{"id":1290,"href":"https:\/\/eomed.org\/index.php?rest_route=\/wp\/v2\/pages\/1285\/revisions\/1290"}],"up":[{"embeddable":true,"href":"https:\/\/eomed.org\/index.php?rest_route=\/wp\/v2\/pages\/1283"}],"wp:attachment":[{"href":"https:\/\/eomed.org\/index.php?rest_route=%2Fwp%2Fv2%2Fmedia&parent=1285"}],"curies":[{"name":"wp","href":"https:\/\/api.w.org\/{rel}","templated":true}]}}